factors of 24916.
2, 6229
What are the prime factors of 15983?
11, 1453
List the prime factors of 1073.
29, 37
List the prime factors of 972.
2, 3
List the prime factors of 98997.
3, 32999
List the prime factors of 6414.
2, 3, 1069
List the prime factors of 11864.
2, 1483
What are the prime factors of 29001?
3, 7, 1381
List the prime factors of 3109.
3109
List the prime factors of 803.
11, 73
List the prime factors of 2784.
2, 3, 29
List the prime factors of 981.
3, 109
List the prime factors of 45352.
2, 5669
List the prime factors of 920.
2, 5, 23
List the prime factors of 27316.
2, 6829
What are the prime factors of 37352?
2, 7, 23, 29
List the prime factors of 17247.
3, 5749
What are the prime factors of 48947?
48947
What are the prime factors of 3525?
3, 5, 47
What are the prime factors of 6392?
2, 17, 47
What are the prime factors of 935?
5, 11, 17
What are the prime factors of 63294?
2, 3, 7, 11, 137
What are the prime factors of 46860?
2, 3, 5, 11, 71
List the prime factors of 2617.
2617
List the prime factors of 4476.
2, 3, 373
List the prime factors of 1673.
7, 239
What are the prime factors of 2467?
2467
What are the prime factors of 39006?
2, 3, 11, 197
List the prime factors of 3890.
2, 5, 389
What are the prime factors of 31658?
2, 11, 1439
List the prime factors of 13991.
17, 823
List the prime factors of 877.
877
What are the prime factors of 5552?
2, 347
List the prime factors of 17483.
17483
What are the prime factors of 1532?
2, 383
List the prime factors of 406.
2, 7, 29
List the prime factors of 4251.
3, 13, 109
What are the prime factors of 425?
5, 17
What are the prime factors of 4133?
4133
What are the prime factors of 10624?
2, 83
List the prime factors of 17548.
2, 41, 107
List the prime factors of 2649.
3, 883
List the prime factors of 6907.
6907
What are the prime factors of 1317?
3, 439
List the prime factors of 5551.
7, 13, 61
List the prime factors of 59087.
7, 23, 367
List the prime factors of 11652.
2, 3, 971
List the prime factors of 134831.
73, 1847
List the prime factors of 62626.
2, 173, 181
List the prime factors of 59923.
31, 1933
What are the prime factors of 18154?
2, 29, 313
List the prime factors of 7369.
7369
List the prime factors of 23029.
23029
List the prime factors of 98401.
19, 5179
List the prime factors of 3593.
3593
What are the prime factors of 2305?
5, 461
What are the prime factors of 7592?
2, 13, 73
List the prime factors of 19622.
2, 9811
What are the prime factors of 30841?
30841
List the prime factors of 706.
2, 353
What are the prime factors of 115507?
7, 29, 569
What are the prime factors of 1795?
5, 359
List the prime factors of 5392.
2, 337
What are the prime factors of 255?
3, 5, 17
List the prime factors of 22688.
2, 709
What are the prime factors of 164414?
2, 82207
List the prime factors of 1135.
5, 227
List the prime factors of 4887.
3, 181
What are the prime factors of 14888?
2, 1861
List the prime factors of 2576.
2, 7, 23
What are the prime factors of 201900?
2, 3, 5, 673
What are the prime factors of 14550?
2, 3, 5, 97
List the prime factors of 92.
2, 23
List the prime factors of 1719.
3, 191
List the prime factors of 527.
17, 31
List the prime factors of 107503.
11, 29, 337
What are the prime factors of 1365?
3, 5, 7, 13
What are the prime factors of 4036?
2, 1009
What are the prime factors of 998?
2, 499
What are the prime factors of 4865?
5, 7, 139
What are the prime factors of 2929?
29, 101
What are the prime factors of 28153?
47, 599
List the prime factors of 26250.
2, 3, 5, 7
What are the prime factors of 16998?
2, 3, 2833
List the prime factors of 7965.
3, 5, 59
List the prime factors of 137.
137
List the prime factors of 13483.
97, 139
What are the prime factors of 8981?
7, 1283
List the prime factors of 4917.
3, 11, 149
List the prime factors of 1492.
2, 373
List the prime factors of 13451.
13451
List the prime factors of 8557.
43, 199
What are the prime factors of 242?
2, 11
List the prime factors of 924.
2, 3, 7, 11
List the prime factors of 638.
2, 11, 29
List the prime factors of 2409.
3, 11, 73
What are the prime factors of 5995?
5, 11, 109
What are the prime factors of 85385?
5, 17077
What are the prime factors of 10531?
10531
List the prime factors of 1605.
3, 5, 107
What are the prime factors of 26036?
2, 23, 283
List the prime factors of 16321.
19, 859
What are the prime factors of 12240?
2, 3, 5, 17
What are the prime factors of 273?
3, 7, 13
List the prime factors of 7813.
13, 601
List the prime factors of 3508.
2, 877
List the prime factors of 6487.
13, 499
List the prime factors of 96654.
2, 3, 89, 181
List the prime factors of 11581.
37, 313
List the prime factors of 27550.
2, 5, 19, 29
What are the prime factors of 59587?
11, 5417
List the prime factors of 319.
11, 29
What are the prime factors of 7713?
3, 857
What are the prime factors of 34146?
2, 3, 7, 271
What are the prime factors of 3794?
2, 7, 271
List the prime factors of 2406.
2, 3, 401
What are the prime factors of 449?
449
What are the prime factors of 528?
2, 3, 11
What are the prime factors of 20131?
41, 491
What are the prime factors of 78669?
3, 8741
What are the prime factors of 1841?
7, 263
List the prime factors of 116890.
2, 5, 11689
List the prime factors of 13571.
41, 331
What are the prime factors of 2954?
2, 7, 211
What are the prime factors of 30640?
2, 5, 383
List the prime factors of 706.
2, 353
What are the prime factors of 18791?
19, 23, 43
What are the prime factors of 1881?
3, 11, 19
What are the prime factors of 88725?
3, 5, 7, 13
List the prime factors of 11.
11
What are the prime factors of 6638?
2, 3319
List the prime factors of 763.
7, 109
What are the prime factors of 3224?
2, 13, 31
List the prime factors of 827.
827
What are the prime factors of 1297?
1297
What are the prime factors of 2018?
2, 1009
What are the prime factors of 10435?
5, 2087
List the prime factors of 2914.
2, 31, 47
List the prime factors of 394.
2, 197
What are the prime factors of 13430?
2, 5, 17, 79
What are the prime factors of 606?
2, 3, 101
What are the prime factors of 991?
991
What are the prime factors of 392?
2, 7
What are the prime factors of 2192?
2, 137
What are the prime factors of 908?
2, 227
What are the prime factors of 6994?
2, 13, 269
What are the prime factors of 3015?
3, 5, 67
List the prime factors of 268.
2, 67
What are the prime factors of 25525?
5, 1021
List the prime factors of 16335.
3, 5, 11
List the prime factors of 14933.
109, 137
List the prime factors of 139045.
5, 27809
What are the prime factors of 5481?
3, 7, 29
What are the prime factors of 97900?
2, 5, 11, 89
What are the prime factors of 2421?
3, 269
List the prime factors of 41294.
2, 11, 1877
List the prime factors of 1925.
5, 7, 11
What are the prime factors of 3240?
2, 3, 5
List the prime factors of 2246.
2, 1123
List the prime factors of 763.
7, 109
What are the prime factors of 4531?
23, 197
List the prime factors of 11548.
2, 2887
What are the prime factors of 9432?
2, 3, 131
What are the prime factors of 3512?
2, 439
List the prime factors of 38.
2, 19
What are the prime factors of 1302?
2, 3, 7, 31
List the prime factors of 46179.
3, 7, 733
What are the prime factors of 1985?
5, 397
List the prime factors of 46707.
3, 15569
List the prime factors of 19424.
2, 607
List the prime factors of 69912.
2, 3, 971
What are the prime factors of 8822?
2, 11, 401
List the prime factors of 85601.
85601
List the prime factors of 124.
2, 31
What are the prime factors of 356?
2, 89
What are the prime factors of 41998?
2, 11, 23, 83
What are the prime factors of 20423?
13, 1571
List the prime factors of 237.
3, 79
What are the prime factors of 2210?
2, 5, 13, 17
What are the prime factors of 37218?
2, 3, 6203
What are the prime factors of 1580?
2, 5, 79
List the prime factors of 1151.
1151
What are the prime factors of 947?
947
List the prime factors of 6534.
2, 3, 11
List the prime factors of 124.
2, 31
What are the prime factors of 1399?
1399
List the prime factors of 24885.
3, 5, 7, 79
What are the prime factors of 57?
3, 19
List the prime factors of 2996.
2, 7, 107
What are the prime factors of 32739?
3, 7, 1559
List the prime factors of 1335.
3, 5, 89
What are the prime factors of 2662?
2, 11
List the p